 t(q) = -378*q + 642. Let k be t(1). What is the greatest common divisor of 648 and k?
24
Let d(s) = -2*s**3 + 80*s**2 - 76*s + 110. Let m be d(39). What is the highest common divisor of m and 1645?
47
Let u be (-150 + -93)/((-6)/10). Calculate the greatest common factor of u and 255.
15
Let z be (-6)/(-9) - (-4)/(-6) - -8. Let t = -453 - -797. What is the highest common divisor of z and t?
8
Let m = -3345 + 10041. Calculate the highest common factor of m and 324.
108
Suppose s = -0*s + 28. Suppose 4*a - 12 = 0, 2*r + 1 = r + 3*a. Let j be ((-28)/10)/((r/(-5))/4). What is the highest common divisor of j and s?
7
Let k = 40 + -23. Let i = 1506 + -1510. Let d = k + i. Calculate the greatest common factor of d and 91.
13
Let u = -13681 + 13748. Calculate the greatest common factor of u and 10653.
67
Let n(q) = 15*q - 1 - 6 - 17*q - 6*q**2 - q**3. Let x be n(-7). Let i be -3*((-2)/12)/(2/64). What is the highest common divisor of x and i?
8
Suppose -z - 2*t + 23 = 0, 0*z - 2*t - 7 = -z. Let r = -6712 - -6877. What is the highest common factor of r and z?
15
Let v(j) = -j**2 - 7*j + 2. Let f be v(-6). Suppose -16*y - f = -18*y. Suppose -7*z = -y*z - 120. What is the greatest common divisor of 8 and z?
8
Suppose 4*z - 5*j = -18*j + 271, 0 = 5*z + 3*j - 246. What is the highest common factor of 165 and z?
15
Suppose -2*f + 206 = -2*s + 56, -4*f = -2*s - 292. Suppose 66*h - f*h = 5*i - 795, i + 5*h - 175 = 0. Calculate the highest common divisor of i and 5.
5
Let l = -1284 + 1392. Calculate the greatest common divisor of l and 7344.
108
Let o be (6/(-4) + 2)*0. Let g(d) = 59*d + 120. Let s be g(-2). Let m be s - o - 0 - (-4 - 8). What is the highest common divisor of 42 and m?
14
Let w(t) = -6*t + 10. Let i be w(-1). Suppose 5*n + 125 + 11 = -4*z, 0 = -3*n - 3*z - 81. Let k = i - n. What is the greatest common divisor of k and 396?
44
Suppose y - 8*b - 114 = -4*b, -4*y + 444 = -4*b. Let l be y/2 + 3*1. Suppose -4*h = -14 - l. What is the highest common factor of 9 and h?
9
Suppose 60*z = 57*z + 5*s + 17261, -7 = s. Calculate the highest common divisor of z and 44.
22
Let f(v) = -v**2 - 28*v + 1160. Let h be f(22). Calculate the highest common divisor of 260 and h.
20
Let y = -2510 + 2538. Suppose 0 = 6*r - 7*r + 7. What is the highest common factor of r and y?
7
Let d be (3 - (-16)/(-12)) + (-24420)/(-90). What is the highest common factor of d and 2625?
21
Suppose -3974*v + 3965*v + 2295 = 0. Calculate the highest common divisor of v and 195.
15
Suppose 4*y - d - 3618 - 4389 = 0, -3*d = -y + 2010. Calculate the highest common factor of y and 1656.
69
Suppose -2288*b + 2289*b - 25 = 0. What is the highest common factor of b and 75?
25
Suppose 4*p - 232 = -2*q + 496, 0 = -2*q - p + 752. Let t = -25 - -35. Calculate the greatest common factor of q and t.
10
Let a(o) = o**3 - 7*o**2 - 8*o + 11. Let w be a(7). Let f = w + 33. Let v be (f/9)/((-6)/108). Calculate the greatest common factor of v and 168.
24
Let i(t) = -38 + 89*t**2 - 12*t + 0*t - 86*t**2. Let p be i(-8). Calculate the greatest common divisor of 100 and p.
50
Let y be (-44100)/162 + 4/18. Let j be (-9)/(-4)*y/(-51). Calculate the greatest common factor of j and 54.
6
Let z(t) = 20*t + 433. Let b be z(-14). Let p be (-1330)/(-26) + 2/(-13). Calculate the greatest common divisor of p and b.
51
Let u be ((-59)/2)/((-1)/2). Let y(t) = -3*t**3 + 6*t**2 - 2*t + 177. Let b be y(0). Calculate the highest common factor of u and b.
59
Let a be ((-8008)/44)/(-5 + 4). What is the greatest common divisor of a and 1664?
26
Suppose -2236 + 140 = -12*k + 172. Calculate the greatest common divisor of 3051 and k.
27
Suppose -10*b = -23*b + 884. Suppose 263 = 2*u + j, b = 4*u - 4*j - 464. Suppose 2*o - 36 = -o. Calculate the greatest common factor of o and u.
12
Let w = -1037 - -1121. Calculate the greatest common factor of 231 and w.
21
Suppose z = 12 + 9. Suppose -4*n = -n - z. Let t(q) = -q**3 + 23*q**2 - 48*q + 154. Let g be t(21). What is the greatest common factor of n and g?
7
Let a(r) = r**2 + 14*r + 44. Let t be a(-25). Let v = t - 231. Calculate the highest common divisor of v and 110.
22
Suppose -83*j + 5*x = -85*j + 25580, 7*x = 28. Calculate the greatest common divisor of j and 90.
90
Let r(n) = -3*n + 5. Let j be r(-3). Suppose 1845*o + 7938 = 1908*o. Calculate the greatest common divisor of j and o.
14
Let w(n) = 12*n**3 - n**2 - n. Let p be w(1). Suppose 0 = -p*h + 213 + 27. What is the greatest common divisor of 24 and h?
24
Let w(i) = -21*i**2 - 4*i - 3. Suppose -9*k + 17*k = -8. Let h be w(k). Let p be -1 - (h - (-12)/(-4)). What is the highest common factor of p and 55?
11
Suppose -82*g = 36*g - 8260. Calculate the greatest common divisor of 6902 and g.
14
Suppose 5*w - g = 119, 3*w - 94*g = -96*g + 74. Calculate the greatest common divisor of w and 468.
12
Let l(s) = -s**3 - 37*s**2 + 156*s - 264. Let z be l(-41). Calculate the highest common divisor of 592 and z.
16
Suppose -5080 + 13990 = -335*x + 338*x. What is the highest common factor of 720 and x?
90
Let c be (77760/(-10))/((-24)/108). Calculate the greatest common factor of 144 and c.
144
Let z(n) = 8*n - 66. Let w(h) = -7*h + 68. Let v(s) = 5*w(s) + 6*z(s). Let a be v(21). What is the highest common divisor of a and 62?
31
Suppose -5*h = -m - 170 - 272, -2*h + 2*m + 180 = 0. What is the highest common factor of h and 1716?
44
Let n be 8 + (-2 + 0 + 289 - (64 + -63)). What is the greatest common factor of n and 9849?
147
Suppose -39*w + 33 = -50*w. Let q be (4*-3)/2 - 522/w. Calculate the highest common factor of q and 21.
21
Let p = 5563 + -3565. What is the highest common factor of 162 and p?
54
Let k be ((-202440)/(-50))/(6/60). Calculate the highest common factor of k and 168.
168
Let r be (-200346)/165*-5 - (-19)/(-209). Calculate the highest common factor of 13 and r.
13
Suppose 138*m = 48*m + 408741 + 741999. Calculate the highest common divisor of 6 and m.
6
Suppose -209*l + 25730 = -178*l. Calculate the highest common divisor of 30 and l.
10
Let r(m) be the second derivative of -17*m**3/6 - 13*m**2 - 2*m + 4. Let z be r(-8). What is the greatest common factor of 44 and z?
22
Let q(h) be the first derivative of 5*h**3 + 5*h**2/2 + 6*h - 86. Let d be q(-1). Calculate the greatest common factor of d and 248.
8
Let y = -180 + 198. Let n(m) = -3*m - 28. Let g be n(-10). Suppose q - 10 = -g*z, -2*z - 43 = -4*q - 7*z. What is the highest common factor of y and q?
6
Suppose -2*u + 10332 = 2*k, -9*k = -7*u + 10*u - 15498. What is the greatest common factor of 9 and u?
9
Let o = 1 - 1. Let n be (-8 + 0)*(-22 + o). Suppose -2*u + 268 = 2*s + 238, 5*s + 69 = 4*u. What is the greatest common factor of u and n?
16
Suppose 131*f = 128*f + 42. Suppose -f*p = -8*p - 168. What is the greatest common factor of p and 84?
28
Let c be (-273)/(-27) - (-8 + 146/18). Suppose v = -0*v - 1. Let j be v - 213/(-1*3). What is the greatest common divisor of j and c?
10
Let z be (40/(-4))/(3/(-18)) + 0. Suppose -10*c + z = 20. Let n be (6/c)/(18/600). What is the greatest common factor of 25 and n?
25
Let k = 17893 - 15039. What is the greatest common divisor of k and 2?
2
Suppose -5*s + 909 = -2*u, -2*u = 3*u - 15. Let r be (-4 - -1) + s - (3 - -1). Calculate the greatest common factor of 16 and r.
16
Let j be (-6)/(-21) - (-324)/42. Suppose -j*u + 19*u = 990. Calculate the highest common divisor of 54 and u.
18
Suppose -3*q = d + 14, -q = 6 - 2. Let b be 0 + -2 - -2 - d. Let x be -24*6*7/(-63). What is the highest common factor of x and b?
2
Suppose 60*i - 18317 - 81523 = 0. What is the highest common divisor of 32 and i?
32
Suppose -5*n + 255 = 3*g, -5*n = -4*g - 307 + 87. What is the greatest common factor of 456 and n?
24
Let c(f) = -9*f - 34. Let q be c(14). Let n = q - -358. Suppose 14 = d + 2*b, -3*b + 7*b = 5*d - 126. Calculate the highest common factor of n and d.
22
Let v = -3669 + 4808. Calculate the greatest common divisor of 17 and v.
17
Let x(b) = b**2 - 111*b + 3310. Let y be x(46). What is the greatest common divisor of y and 124?
4
Suppose 0 = -12*i + 8*i. Suppose -5*g = -i*g - 5*j - 30, -2*g = -3*j - 15. Suppose x = 4*q + 82, 7*q = g*q - 4. Calculate the highest common factor of 52 and x.
26
Let o(s) = 2*s**3 - 9*s**2 - s - 3. Supp